e m + 2 = w. What is the tens digit of m?
1
What is the units digit of 1 + 11/(11/783)?
4
Let m = 80 - -1729. What is the tens digit of m?
0
Let t(g) be the third derivative of 7*g**5/60 + g**4/6 + 2*g**3/3 - 16*g**2. Suppose f - 5*f = 3*k + 17, 4*k = -4*f - 20. What is the tens digit of t(k)?
5
Suppose 2443 = -3*d - 2*s, 4105 = -5*d - 0*d + 5*s. Let a = -530 - d. What is the tens digit of a?
8
Let l be (-160)/(-72) + (-2)/9. Suppose 2*u = 3*f + 459, 2*u - l*f - 228 = u. What is the hundreds digit of u?
2
Let v = -3381 - -5554. What is the units digit of v?
3
Let u(w) = -74*w + 17. What is the tens digit of u(-28)?
8
Let m be (-994)/(-35) + 4/(-10). Suppose -5*j = m - 8. What is the tens digit of (-30)/(-9)*(-18)/j?
1
What is the tens digit of (-13)/78*6*-1324?
2
Suppose 4*p = 53 - 13. Let u = -20 + p. Let w = 30 + u. What is the tens digit of w?
2
What is the units digit of (-7630)/(-22) - (-24)/132?
7
Suppose -2*o + 3 = -1. Suppose 3*y = -2*l - 7 + 24, 3*l = o*y - 7. What is the units digit of l?
1
Let s be 6/33 - 192/(-33). Let v = -2 + s. Suppose -v = -2*h - 2. What is the units digit of h?
1
Suppose 0 = -4*f - 4*o, 0 = o - 0*o. Let r be 2 - (f/4 - -3). Let w(a) = a**2 - a - 1. What is the units digit of w(r)?
1
Suppose 5*x = 1 + 39. Let n = -61 + 85. What is the tens digit of 34*1 - n/x?
3
Suppose 5*w + 4*l = 4, 1 - 13 = 2*w + 5*l. Suppose w = -2*g + 3*g. Suppose 0 = -4*x - x - u + 171, -u - g = 0. What is the units digit of x?
5
Let f = 1905 - 1339. What is the tens digit of f?
6
Let h(v) = v**3 + 11*v**2 + 3*v + 7. Let g be h(-11). Let f = -6 - g. Let s = f + -3. What is the tens digit of s?
1
Let q(a) = a**2 - 2*a - 2. Suppose 10*i + 60 = 15*i. Suppose -3*d - 9 = i. What is the tens digit of q(d)?
6
Suppose 4*t - 2604 = -5*v, 3*t + 4961 = 6*v + 1805. What is the tens digit of v?
2
Suppose 2*y + 3 = -5*x + 6, 3*y = -x - 2. Let b be ((-2)/6)/(x/6). Let d = b + 9. What is the units digit of d?
7
Let m(c) = -58*c - 53. What is the hundreds digit of m(-7)?
3
Suppose 4*g - 690 = -2*w, 25*w - 2*g - 1773 = 20*w. What is the hundreds digit of w?
3
Suppose 6*l + 15*l - 16275 = 0. What is the units digit of l?
5
Let h(n) = -15*n + 9. Let a be h(2). What is the tens digit of (1 + -3)/(-14) + (-2391)/a?
1
Suppose -5*d + 624 = 6*g, -224 = -2*d - 0*d + 4*g. Suppose 20 = -z + 6*z. Suppose 2*c = -0*w - 3*w + 76, 0 = -z*w + 2*c + d. What is the units digit of w?
8
Let r(l) = 22*l - 4. Let q(x) = -x. Let b(p) = 10*q(p) + r(p). What is the units digit of b(5)?
6
Let a(m) = -14*m + 4. Suppose -3 = i + 4*k, -4*i + 6 = -3*k + 18. What is the units digit of a(i)?
6
Let w(p) = 4*p**3 - 3*p + 8. What is the hundreds digit of w(3)?
1
Let f be (-4)/5 + (-507)/(-65). Suppose -f*s + 476 = -238. What is the hundreds digit of s?
1
Let n be (-3 + 2)/((-2)/(-8)). What is the hundreds digit of (-426)/n + (-16)/32?
1
Let f be (-729)/(-6) + (-4)/(-8). Let x = f - 26. What is the tens digit of x?
9
Suppose -10707 = 26*n - 45053. What is the units digit of n?
1
Let l(a) = 3*a**2 + a + a**2 + 9 - 10 - a**2. Let n be l(1). Suppose 0 = -4*h + 3*r + 284, -n*h - 3*r + 253 - 61 = 0. What is the tens digit of h?
6
Let a(r) = -r**3 - r**2 - r + 4. Suppose 5*s = -0*s. Let j be a(s). Suppose j*b - b - t = 81, -4*b = 3*t - 108. What is the tens digit of b?
2
Let w be 984/54 - 2/9. Suppose 0*v = 3*v - w. Let m = 21 - v. What is the tens digit of m?
1
Let q be 2/(-6) - (-350)/6. Let f(x) = -3 + 2 - q*x + 42*x. What is the tens digit of f(-1)?
1
Suppose -10*l = -12*l + 160. Let m = l + -35. What is the tens digit of m?
4
Suppose -2*z + 62 + 14 = 0. Suppose -z = -2*i + 5*m + 95, 2*i = m + 113. Let y = i + -33. What is the tens digit of y?
2
Suppose 16*b - 15 = 11*b. Suppose -j - 4 = -b*j. What is the tens digit of (8 - 2)/(j/7)?
2
Let f be (10/(-10))/((-2)/44). Let c = f + 6. Let r = -7 + c. What is the tens digit of r?
2
Let t(b) = 4*b + 5. Let i be t(-2). What is the tens digit of i + (5 - 3) - -74?
7
Let p(u) = -8*u + 12. Let k = -28 - -21. What is the tens digit of p(k)?
6
Let x = 24 - 39. Let q = x + 36. What is the units digit of q?
1
Let b be 605/20 + 1/(-4). Suppose -34*u + b*u = -204. What is the units digit of u?
1
Let v = -141 + 392. Let s = v - 43. What is the units digit of s?
8
Let r = -10 + 8. Let s(y) = -11*y + 3*y - 3 - 3*y. What is the tens digit of s(r)?
1
What is the units digit of -3 + 23 + -17 + (1 - -4005)?
9
Let j(p) = 272*p - 217. What is the hundreds digit of j(5)?
1
What is the thousands digit of (-1528)/(-6)*126/24?
1
Let p be (-2 + -1)*(-39 - -2). Let z be (p/(-5))/((-1)/5). Suppose 5*f - z = -2*w, 0 = 5*f + 3*w - 2*w - 108. What is the tens digit of f?
2
Let u(k) = -k + 146. What is the tens digit of u(12)?
3
Let p(y) = -15*y + 1. Let n(u) = 7*u. Let r(w) = -10*n(w) - 4*p(w). What is the tens digit of r(-5)?
4
Let h be (8/6)/((-8)/(-12)). Suppose 2*b + 5*w - w = -20, h*b - 2*w = 10. Suppose 3*o - 183 = -b*o + 3*r, 5*o - 299 = 2*r. What is the units digit of o?
9
Let b be ((-1)/(-2))/((-4)/(-16)). Suppose 11*i - b*i - 1422 = 0. What is the tens digit of i?
5
Let y(s) = -28*s + 151. What is the units digit of y(-28)?
5
Suppose -7*m - 134 = -5*m. Let j = 182 + m. What is the units digit of j?
5
Let j(r) = -r**2 + 11*r + 1. Let v(u) = u + 1. Let q(f) = 2*f - 23. Let c(x) = q(x) + v(x). Let m be c(10). What is the tens digit of j(m)?
2
Let l = 218 + -589. Let b = 619 + l. What is the hundreds digit of b?
2
What is the tens digit of 66/(-44)*2420/(-6)?
0
Let o(v) = 879*v + 13. What is the units digit of o(1)?
2
Suppose 4*r - x - 7 = 3*r, 2*x = 3*r - 16. Suppose -4*y - p + 57 = -0*y, -r*p + 44 = 3*y. What is the units digit of y?
4
Let m(w) = -w**2 + 12*w + 4. Let j be m(13). Let z(b) = -5*b**2 + 3*b**2 - 6 + 8*b + 3*b**2. What is the units digit of z(j)?
3
What is the units digit of ((-2)/(-4))/(11/8668)?
4
Suppose -17 = d + 2*d - 4*n, 0 = -d - 2*n + 11. Let j be 1/(d*(-1)/(-7)). Let f = 32 - j. What is the units digit of f?
5
Let p be (-10)/(4/(-1 + -1)). Suppose -2*s + 5 + 5 = 4*u, -11 = u + p*s. Suppose 4*g - 5*g + 33 = -u*t, 5*g - 4*t = 117. What is the tens digit of g?
2
Let a(j) = j**3 + 7*j**2 - 31*j - 3. Let u be a(-10). Let k(h) = 0*h**3 - 10 - 4*h**3 - 7*h**2 + 5*h**3 + 4*h. What is the tens digit of k(u)?
1
Let f(u) = 211*u**2 + 43*u - 39. What is the thousands digit of f(5)?
5
Let r be (-2 - 1 - -2) + 3. Suppose 3*y - 3*p + 6 = 0, -r*y = -3*y + 2*p - 7. Suppose 0 = -y*v + 69 + 6. What is the tens digit of v?
2
Let v(p) = p**3 + 11*p**2 + 9*p - 16. Let f be v(-10). Let q(s) = -2*s**3 - 6*s**2 - 4*s - 11. What is the hundreds digit of q(f)?
2
What is the units digit of 2 - (-1)/((-2)/(-122))?
3
Suppose 136*l + 25836 = 142*l. What is the units digit of l?
6
What is the thousands digit of (10/4)/((-61)/(-50508))?
2
Let j(s) be the second derivative of s**5/20 + 3*s**4/4 + s**3/3 - 3*s**2/2 + 9*s. What is the units digit of j(-8)?
5
Let r(j) = -j - 5. Let p be r(-5). Suppose p = -3*h + 4*a + 32, 2*h - 2*a = 7 + 13. Let q = 19 - h. What is the tens digit of q?
1
Let a(m) = -m + 6. Let b be a(5). Suppose 0 = 11*z - 0*z. Let w = z + b. What is the units digit of w?
1
Let i be -427 + ((-1)/2 - 60/24). Let q = i - -625. What is the hundreds digit of q?
1
Let n(z) = -z**2 + 11*z + 4. Let d be n(11). Suppose 3*a - a + 16 = d*i, -28 = 5*a - 4*i. What is the tens digit of 2/(8/a) - -29?
2
Let l be (-1)/(-1*(-1)/(-4)). Suppose -74 = -l*c + 62. What is the tens digit of c?
3
Suppose u - 824 = 340. What is the tens digit of u?
6
Let u(b) = b**2 - b + 4. Let z(g) = g**3 + 10*g**2 - 9*g + 10. Let t be z(-11). Let v = t + 12. What is the units digit of u(v)?
4
Suppose 2 - 4 = -g. Let o be (0/((-2)/1))/3. Suppose o*u - 24 = -g*u. What is the tens digit of u?
1
Let j = 51 - 54. What is the tens digit of (228/15)/(j/(-15))?
7
Let c = -4 + -74. Let p = c - -127. Suppose -3*j + 6*j + 81 = 5*q, p = 3*q - 2*j. What is the units digit of q?
5
What is the hundreds digit of -4 - ((-34)/(-4) - 7)*-1160?
7
Suppose 29*z - 2621 = 14924. What is the hundreds digit of z?
6
Let g(d) = 5*d**2 + 3*d + 3. Let r be g(-2). Let k = 7 - r. Let j(c) = -c**3 - 11*c**2 - 11*c - 8. What is the units digit of j(k)?
2
Suppose -z + 71 = -2*z. Let f(x) = -107*x**3 + x**2 - 1. Let n be f(-1). Let h =